{"id":187,"date":"2011-11-19T16:06:26","date_gmt":"2011-11-19T16:06:26","guid":{"rendered":"http:\/\/fenerbahceliyiz.biz\/wp\/?page_id=187"},"modified":"2011-11-19T19:47:19","modified_gmt":"2011-11-19T19:47:19","slug":"gokhan-gonul","status":"publish","type":"page","link":"http:\/\/fenerbahceliyiz.biz\/?page_id=187","title":{"rendered":"G\u00f6khan G\u00f6n\u00fcl"},"content":{"rendered":"<table width=\"40%\" border=\"0\">\n<tbody>\n<tr>\n<td width=\"100%\" height=\"453\">\n<hr size=\"1\" \/>\n<table width=\"100%\" border=\"0\">\n<tbody>\n<tr>\n<td width=\"59%\"><span style=\"font-family: verdana, arial, helvetica; font-size: medium;\">G\u00d6KHAN #77<\/span><\/td>\n<td rowspan=\"8\" width=\"16%\">\n<p align=\"center\"><span style=\"font-family: verdana, arial, helvetica;\"><img loading=\"lazy\" decoding=\"async\" src=\"http:\/\/fenerbahceliyiz.biz\/gokhangonulsite1.jpg\" alt=\"\" width=\"150\" height=\"150\" align=\"right\" border=\"0\" \/><\/span><\/p>\n<\/td>\n<\/tr>\n<tr>\n<td width=\"59%\"><strong><span style=\"font-family: verdana, arial, helvetica; font-size: x-small;\">Adi Soyadi:<\/span>\u00a0<\/strong><span style=\"font-family: verdana, arial, helvetica; font-size: x-small;\">G\u00f6khan G\u00f6n\u00fcl<\/span><\/td>\n<\/tr>\n<tr>\n<td width=\"59%\"><strong><span style=\"font-family: verdana, arial, helvetica; font-size: x-small;\">Mevki:<\/span>\u00a0<\/strong><span style=\"font-family: verdana, arial, helvetica; font-size: x-small;\">Defans-Orta Saha<\/span><\/td>\n<\/tr>\n<tr>\n<td width=\"59%\"><strong><span style=\"font-family: verdana, arial, helvetica; font-size: x-small;\">Boy:<\/span>\u00a0<\/strong><span style=\"font-family: verdana, arial, helvetica; font-size: x-small;\">1.74<\/span><\/td>\n<\/tr>\n<tr>\n<td width=\"59%\"><span style=\"font-family: verdana, arial, helvetica; font-size: x-small;\"><strong>\u00dclkesi:\u00a0<\/strong>T\u00fcrkiye<\/span><\/td>\n<\/tr>\n<tr>\n<td width=\"59%\"><strong><span style=\"font-family: verdana, arial, helvetica; font-size: x-small;\">Do\u011fum Tarihi:<\/span><\/strong><span style=\"font-family: verdana, arial, helvetica; font-size: x-small;\"><strong>\u00a0<\/strong>04.01.1985<\/span><\/td>\n<\/tr>\n<tr>\n<td width=\"59%\"><strong><span style=\"font-family: verdana, arial, helvetica; font-size: x-small;\">Geldigi Takim:<\/span>\u00a0<\/strong><span style=\"font-family: verdana, arial, helvetica; font-size: x-small;\">Gen\u00e7lerbirli\u011fi Ofta\u015f<\/span><\/td>\n<\/tr>\n<tr>\n<td width=\"59%\"><strong><span style=\"font-family: verdana, arial, helvetica; font-size: x-small;\">Geldigi Sezon:<\/span>\u00a0<\/strong><span style=\"font-family: verdana, arial, helvetica; font-size: x-small;\">2007-2008<\/span><\/td>\n<\/tr>\n<\/tbody>\n<\/table>\n<hr size=\"1\" \/>\n<table width=\"100%\" border=\"0\">\n<tbody>\n<tr>\n<td width=\"100%\" height=\"214\">\n<p align=\"center\"><span style=\"font-family: verdana, arial, helvetica;\"><img loading=\"lazy\" decoding=\"async\" src=\"http:\/\/fenerbahceliyiz.biz\/gokhangonulsite.jpg\" alt=\"\" width=\"400\" height=\"200\" align=\"right\" border=\"0\" \/><\/span><\/p>\n<\/td>\n<\/tr>\n<\/tbody>\n<\/table>\n<\/td>\n<\/tr>\n<\/tbody>\n<\/table>\n<p align=\"center\">ngg_shortcode_0_placeholder<\/p>\n","protected":false},"excerpt":{"rendered":"<p>G\u00d6KHAN #77 Adi Soyadi:\u00a0G\u00f6khan G\u00f6n\u00fcl Mevki:\u00a0Defans-Orta Saha Boy:\u00a01.74 \u00dclkesi:\u00a0T\u00fcrkiye Do\u011fum Tarihi:\u00a004.01.1985 Geldigi Takim:\u00a0Gen\u00e7lerbirli\u011fi Ofta\u015f Geldigi Sezon:\u00a02007-2008<\/p>\n","protected":false},"author":1,"featured_media":0,"parent":72,"menu_order":0,"comment_status":"open","ping_status":"closed","template":"","meta":{"ngg_post_thumbnail":0,"footnotes":""},"class_list":["post-187","page","type-page","status-publish","hentry"],"aioseo_notices":[],"_links":{"self":[{"href":"http:\/\/fenerbahceliyiz.biz\/index.php?rest_route=\/wp\/v2\/pages\/187","targetHints":{"allow":["GET"]}}],"collection":[{"href":"http:\/\/fenerbahceliyiz.biz\/index.php?rest_route=\/wp\/v2\/pages"}],"about":[{"href":"http:\/\/fenerbahceliyiz.biz\/index.php?rest_route=\/wp\/v2\/types\/page"}],"author":[{"embeddable":true,"href":"http:\/\/fenerbahceliyiz.biz\/index.php?rest_route=\/wp\/v2\/users\/1"}],"replies":[{"embeddable":true,"href":"http:\/\/fenerbahceliyiz.biz\/index.php?rest_route=%2Fwp%2Fv2%2Fcomments&post=187"}],"version-history":[{"count":4,"href":"http:\/\/fenerbahceliyiz.biz\/index.php?rest_route=\/wp\/v2\/pages\/187\/revisions"}],"predecessor-version":[{"id":277,"href":"http:\/\/fenerbahceliyiz.biz\/index.php?rest_route=\/wp\/v2\/pages\/187\/revisions\/277"}],"up":[{"embeddable":true,"href":"http:\/\/fenerbahceliyiz.biz\/index.php?rest_route=\/wp\/v2\/pages\/72"}],"wp:attachment":[{"href":"http:\/\/fenerbahceliyiz.biz\/index.php?rest_route=%2Fwp%2Fv2%2Fmedia&parent=187"}],"curies":[{"name":"wp","href":"https:\/\/api.w.org\/{rel}","templated":true}]}}